.
717
Calculate the remainder when 23099144 is divided by 3127.
3122
Calculate the remainder when 541089491 is divided by 2253.
2252
Calculate the remainder when 89242951 is divided by 4078.
4077
What is the remainder when 116107551 is divided by 1496?
1495
Calculate the remainder when 6349073 is divided by 211634.
53
What is the remainder when 26143543 is divided by 8714503?
34
What is the remainder when 353941262 is divided by 25854?
2
What is the remainder when 48843 is divided by 23581?
1681
Calculate the remainder when 1528951 is divided by 84939.
49
Calculate the remainder when 3597772 is divided by 16.
12
What is the remainder when 1554840 is divided by 21?
0
What is the remainder when 326114 is divided by 2717?
74
Calculate the remainder when 1096069 is divided by 33.
7
Calculate the remainder when 26056381 is divided by 5837.
13
What is the remainder when 235866 is divided by 12784?
5754
Calculate the remainder when 6014974 is divided by 979.
977
What is the remainder when 833026 is divided by 4929?
25
Calculate the remainder when 14791397 is divided by 127.
88
Calculate the remainder when 2133479 is divided by 4927.
88
What is the remainder when 430968 is divided by 162?
48
Calculate the remainder when 1791221 is divided by 179121.
11
Calculate the remainder when 5870274 is divided by 2935132.
10
What is the remainder when 2006706 is divided by 3129?
1017
What is the remainder when 239383449 is divided by 66?
63
What is the remainder when 80497 is divided by 18479?
6581
Calculate the remainder when 7767968 is divided by 50771.
5
Calculate the remainder when 12572919 is divided by 15.
9
Calculate the remainder when 5161817 is divided by 344112.
137
What is the remainder when 3013870 is divided by 3970?
640
What is the remainder when 689944 is divided by 9423?
2065
What is the remainder when 7420258 is divided by 27381?
7
What is the remainder when 359683 is divided by 671?
27
What is the remainder when 5554 is divided by 447?
190
Calculate the remainder when 269019 is divided by 7452.
747
Calculate the remainder when 798064 is divided by 16625.
64
What is the remainder when 49589395 is divided by 40?
35
Calculate the remainder when 35677784 is divided by 10818.
20
What is the remainder when 8953707 is divided by 1865?
1707
What is the remainder when 41497994 is divided by 846?
2
What is the remainder when 4043448 is divided by 2641?
77
Calculate the remainder when 4471754 is divided by 216.
122
Calculate the remainder when 285756 is divided by 21977.
55
Calculate the remainder when 88158 is divided by 29152.
702
What is the remainder when 4820582 is divided by 2409897?
788
What is the remainder when 227422 is divided by 227403?
19
Calculate the remainder when 19587 is divided by 2268.
1443
What is the remainder when 783530 is divided by 261020?
470
Calculate the remainder when 10350277 is divided by 68.
65
Calculate the remainder when 282989 is divided by 31.
21
Calculate the remainder when 18217 is divided by 4382.
689
What is the remainder when 4134385 is divided by 8?
1
What is the remainder when 86912 is divided by 4393?
3445
What is the remainder when 73299 is divided by 34226?
4847
What is the remainder when 25942 is divided by 8388?
778
Calculate the remainder when 100966940 is divided by 77.
74
What is the remainder when 1296891 is divided by 6517?
8
Calculate the remainder when 808962 is divided by 20.
2
Calculate the remainder when 24381537 is divided by 4401.
4398
Calculate the remainder when 439646 is divided by 36.
14
Calculate the remainder when 114545599 is divided by 341.
289
What is the remainder when 8236990 is divided by 272?
14
Calculate the remainder when 16624030 is divided by 12.
10
Calculate the remainder when 5620730 is divided by 802957.
31
Calculate the remainder when 533702 is divided by 13.
0
Calculate the remainder when 186498770 is divided by 387.
374
What is the remainder when 740501 is divided by 123264?
917
What is the remainder when 245359 is divided by 1185?
64
Calculate the remainder when 28087667 is divided by 756.
755
Calculate the remainder when 1596446 is divided by 5467.
82
What is the remainder when 7687 is divided by 1403?
672
Calculate the remainder when 250817 is divided by 83590.
47
What is the remainder when 965207 is divided by 321432?
911
Calculate the remainder when 950801983 is divided by 7408.
7407
Calculate the remainder when 105365698 is divided by 145.
143
Calculate the remainder when 57249610 is divided by 1746.
16
What is the remainder when 6329486 is divided by 38?
16
What is the remainder when 44478140 is divided by 1332?
1328
What is the remainder when 26436185 is divided by 3782?
5
What is the remainder when 4429685 is divided by 41?
4
Calculate the remainder when 3547999 is divided by 322545.
4
Calculate the remainder when 4571378 is divided by 1124.
70
What is the remainder when 69744 is divided by 12815?
5669
Calculate the remainder when 35054995 is divided by 17527493.
9
Calculate the remainder when 983128 is divided by 294.
286
What is the remainder when 98965831 is divided by 721?
650
Calculate the remainder when 14066018 is divided by 38.
14
What is the remainder when 162306 is divided by 1379?
963
Calculate the remainder when 1474453 is divided by 99.
46
Calculate the remainder when 3225806 is divided by 186.
8
What is the remainder when 1229499 is divided by 4314?
9
Calculate the remainder when 993914818 is divided by 251.
249
Calculate the remainder when 77914 is divided by 12552.
2602
Calculate the remainder when 3658081 is divided by 2996.
2961
Calculate the remainder when 242404 is divided by 205.
94
Calculate the remainder when 573814 is divided by 15935.
154
What is the remainder when 17401707 is divided by 547?
543
What is the remainder when 84430 is divided by 21061?
186
What is the remainder when 274904 is divided by 6703?
81
Calculate the remainder when 54582872 is divided by 34.
20
Calculate the remainder when 7574 is divided by 3259.
1056
What is the remainder when 150591 is divided by 228?
111
Calculate the remainder when 2698351 is divided by 32122.
103
Calculate the remainder when 11804103 is divided by 5901985.
133
What is the remainder when 11284 is divided by 11171?
113
Calculate the remainder when 2369993 is divided by 14107.
17
What is the remainder when 35456 is divided by 35456?
0
Calculate the remainder when 36423458 is divided by 18.
8
Calculate the remainder when 1697046 is divided by 1372.
1254
Calculate the remainder when 23376856 is divided by 55.
41
What is the remainder when 39743398 is divided by 2838814?
2
Calculate the remainder when 8062271 is divided by 1381.
1374
Calculate the remainder when 49096269 is divided by 7013751.
12
What is the remainder when 6263223 is divided by 695911?
24
Calculate the remainder when 1184934 is divided by 21543.
69
What is the remainder when 65550 is divided by 254?
18
Calculate the remainder when 42980290 is divided by 6.
4
What is the remainder when 91386 is divided by 8285?
251
What is the remainder when 76405885 is divided by 62?
61
What is the remainder when 1199004 is divided by 3645?
3444
Calculate the remainder when 10296068 is divided by 716.
704
Calculate the remainder when 6423509 is divided by 605.
224
Calculate the remainder when 8629059 is divided by 205.
199
What is the remainder when 1464342 is divided by 867?
846
Calculate the remainder when 1440160 is divided by 23609.
11
Calculate the remainder when 354744 is divided by 27249.
507
Calculate the remainder when 77483 is divided by 77221.
262
What is the remainder when 110429723 is divided by 36809904?
11
What is the remainder when 202557 is divided by 276?
249
Calculate the remainder when 2730363 is divided by 1793.
1417
Calculate the remainder when 22396315 is divided by 3634.
3607
What is the remainder when 2077357 is divided by 103865?
57
What is the remainder when 11508170 is divided by 1399?
1395
What is the remainder when 239502 is divided by 2065?
2027
What is the remainder when 648610 is divided by 72064?
34
Calculate the remainder when 712705 is divided by 227.
152
Calculate the remainder when 238470305 is divided by 2972.
2969
Calculate the remainder when 456686 is divided by 2761.
1121
What is the remainder when 12564